{"id":121,"date":"2022-03-30T20:31:41","date_gmt":"2022-03-30T20:31:41","guid":{"rendered":"https:\/\/www.consermuca.edu.ve\/demo\/?page_id=121"},"modified":"2026-04-29T10:44:36","modified_gmt":"2026-04-29T10:44:36","slug":"eventos","status":"publish","type":"page","link":"https:\/\/www.consermuca.edu.ve\/conservatorio-de-musica-de-carabobo\/eventos\/","title":{"rendered":"Agenda"},"content":{"rendered":"<p>[et_pb_section fb_built=\u00bb1&#8243; admin_label=\u00bbHero Section\u00bb _builder_version=\u00bb4.24.2&#8243; background_color=\u00bb#eb880e\u00bb background_color_gradient_direction=\u00bb105deg\u00bb background_color_gradient_start=\u00bb#1bb3eb\u00bb background_color_gradient_end=\u00bb#25efcb\u00bb background_enable_image=\u00bboff\u00bb custom_padding=\u00bb60px|0px|60px|0px\u00bb top_divider_color=\u00bb#FFFFFF\u00bb box_shadow_style=\u00bbpreset1&#8243; global_colors_info=\u00bb{}\u00bb][et_pb_row _builder_version=\u00bb4.16&#8243; background_size=\u00bbinitial\u00bb background_position=\u00bbtop_left\u00bb background_repeat=\u00bbrepeat\u00bb global_colors_info=\u00bb{}\u00bb][et_pb_column type=\u00bb4_4&#8243; _builder_version=\u00bb4.16&#8243; custom_padding=\u00bb|||\u00bb global_colors_info=\u00bb{}\u00bb custom_padding__hover=\u00bb|||\u00bb][et_pb_text _builder_version=\u00bb4.16&#8243; text_font=\u00bbPoppins||||||||\u00bb text_text_color=\u00bbrgba(255,255,255,0.8)\u00bb text_font_size=\u00bb18px\u00bb text_line_height=\u00bb1.8em\u00bb header_font=\u00bbPoppins|600|||||||\u00bb header_text_color=\u00bb#ffffff\u00bb header_font_size=\u00bb48px\u00bb header_line_height=\u00bb1.4em\u00bb header_3_font=\u00bbPoppins|600|||||||\u00bb header_3_font_size=\u00bb36px\u00bb header_3_line_height=\u00bb1.4em\u00bb background_layout=\u00bbdark\u00bb max_width=\u00bb600px\u00bb module_alignment=\u00bbleft\u00bb custom_margin=\u00bb|||\u00bb locked=\u00bboff\u00bb global_colors_info=\u00bb{}\u00bb]<\/p>\n<h1>Agenda de Eventos\u00a0<\/h1>\n<p>Recitales \/ Conciertos \/ MasterClass y Talleres\u00a0<\/p>\n<p>[\/et_pb_text][\/et_pb_column][\/et_pb_row][\/et_pb_section][et_pb_section fb_built=\u00bb1&#8243; admin_label=\u00bbClasses Section\u00bb _builder_version=\u00bb4.24.2&#8243; background_color=\u00bb#faf8f4&#8243; custom_padding=\u00bb5px|0px|110px|0px||\u00bb global_colors_info=\u00bb{}\u00bb][et_pb_row admin_label=\u00bbRow\u00bb _builder_version=\u00bb4.16&#8243; global_colors_info=\u00bb{}\u00bb][et_pb_column type=\u00bb4_4&#8243; _builder_version=\u00bb4.16&#8243; custom_padding=\u00bb|||\u00bb global_colors_info=\u00bb{}\u00bb custom_padding__hover=\u00bb|||\u00bb][et_pb_text _builder_version=\u00bb4.16&#8243; text_font=\u00bb||||||||\u00bb header_font=\u00bb||||||||\u00bb header_2_font=\u00bbPoppins|500||on|||||\u00bb header_2_text_color=\u00bbrgba(0,0,0,0.2)\u00bb header_2_font_size=\u00bb16px\u00bb header_2_letter_spacing=\u00bb1px\u00bb header_2_line_height=\u00bb1.3em\u00bb text_orientation=\u00bbcenter\u00bb custom_margin=\u00bb||20px|\u00bb saved_tabs=\u00bball\u00bb locked=\u00bboff\u00bb global_colors_info=\u00bb{}\u00bb]<\/p>\n<h2>Agenda<\/h2>\n<h2><\/h2>\n<p>[\/et_pb_text][et_pb_text _builder_version=\u00bb4.21.0&#8243; text_font=\u00bb||||||||\u00bb header_font=\u00bb||||||||\u00bb header_text_align=\u00bbcenter\u00bb header_3_font=\u00bbPoppins|600|||||||\u00bb header_3_text_color=\u00bb#44d89e\u00bb header_3_font_size=\u00bb36px\u00bb header_3_line_height=\u00bb1.4em\u00bb text_orientation=\u00bbcenter\u00bb global_colors_info=\u00bb{}\u00bb]<\/p>\n<h3><span style=\"color: #000000;\">Temporada 2025-2026<\/span><\/h3>\n<p>[\/et_pb_text][\/et_pb_column][\/et_pb_row][et_pb_row column_structure=\u00bb1_3,1_3,1_3&#8243; admin_label=\u00bbClass\u00bb _builder_version=\u00bb4.24.2&#8243; background_color=\u00bb#FFFFFF\u00bb custom_margin=\u00bb||60px|\u00bb custom_padding=\u00bb|40px||40px\u00bb animation_style=\u00bbfade\u00bb border_radii=\u00bbon|6px|6px|6px|6px\u00bb box_shadow_style=\u00bbpreset1&#8243; box_shadow_vertical=\u00bb10px\u00bb box_shadow_blur=\u00bb24px\u00bb box_shadow_spread=\u00bb6px\u00bb box_shadow_color=\u00bbrgba(0,0,0,0.06)\u00bb global_colors_info=\u00bb{}\u00bb][et_pb_column type=\u00bb1_3&#8243; _builder_version=\u00bb4.16&#8243; background_color=\u00bb#FFFFFF\u00bb custom_padding=\u00bb|||\u00bb global_colors_info=\u00bb{}\u00bb custom_padding__hover=\u00bb|||\u00bb][et_pb_image src=\u00bbhttps:\/\/www.consermuca.edu.ve\/conservatorio-de-musica-de-carabobo\/wp-content\/uploads\/2026\/04\/8vo-recital-post.jpg\u00bb title_text=\u00bb8vo recital post\u00bb _builder_version=\u00bb4.27.6&#8243; _module_preset=\u00bbdefault\u00bb hover_enabled=\u00bb0&#8243; global_colors_info=\u00bb{}\u00bb sticky_enabled=\u00bb0&#8243;][\/et_pb_image][\/et_pb_column][et_pb_column type=\u00bb1_3&#8243; _builder_version=\u00bb4.16&#8243; custom_padding=\u00bb|||\u00bb global_colors_info=\u00bb{}\u00bb custom_padding__hover=\u00bb|||\u00bb][et_pb_text _builder_version=\u00bb4.27.6&#8243; text_font=\u00bbOpen Sans||||||||\u00bb text_text_color=\u00bb#486066&#8243; text_font_size=\u00bb15px\u00bb text_line_height=\u00bb1.8em\u00bb header_font=\u00bb||||||||\u00bb header_3_font=\u00bbPoppins|600|||||||\u00bb header_3_text_color=\u00bb#486066&#8243; header_3_font_size=\u00bb18px\u00bb header_3_line_height=\u00bb1.4em\u00bb custom_padding=\u00bb0px||0px|||\u00bb locked=\u00bboff\u00bb global_colors_info=\u00bb{}\u00bb]<\/p>\n<h2 data-path-to-node=\"2\"><b data-path-to-node=\"2\" data-index-in-node=\"0\"><br \/>8vo Recital de M\u00fasica de C\u00e1mara<\/b><\/h2>\n<p data-path-to-node=\"3\"><b data-path-to-node=\"3\" data-index-in-node=\"3\" style=\"font-size: 15px;\">Ven a ser parte de esta ma\u00f1ana ideal para nutrir el alma con el talento excepcional que define a nuestra instituci\u00f3n. Interpretaci\u00f3n de grandes obras, a cargo de promesas de la m\u00fasica en formaci\u00f3n.\u00a0<\/b><\/p>\n<p>&nbsp;<\/p>\n<p>&nbsp;<\/p>\n<p>[\/et_pb_text][\/et_pb_column][et_pb_column type=\u00bb1_3&#8243; _builder_version=\u00bb4.16&#8243; custom_padding=\u00bb|||\u00bb global_colors_info=\u00bb{}\u00bb custom_padding__hover=\u00bb|||\u00bb][et_pb_text _builder_version=\u00bb4.27.6&#8243; text_font=\u00bbPoppins|500|||||||\u00bb text_text_color=\u00bb#486066&#8243; text_font_size=\u00bb15px\u00bb text_line_height=\u00bb1.8em\u00bb link_font=\u00bb||||||||\u00bb link_text_color=\u00bb#1bb3eb\u00bb header_font=\u00bb||||||||\u00bb header_3_font=\u00bbPoppins|600|||||||\u00bb header_3_text_color=\u00bb#486066&#8243; header_3_font_size=\u00bb18px\u00bb header_3_line_height=\u00bb1.4em\u00bb custom_margin=\u00bb||-25px|||\u00bb hover_enabled=\u00bb0&#8243; locked=\u00bboff\u00bb global_colors_info=\u00bb{}\u00bb sticky_enabled=\u00bb0&#8243;]<\/p>\n<p><b data-path-to-node=\"34,0,0\" data-index-in-node=\"0\"><\/b><\/p>\n<ul data-path-to-node=\"34\">\n<li>\n<p data-path-to-node=\"34,0,0\"><b data-path-to-node=\"34,0,0\" data-index-in-node=\"0\">Fecha:<\/b> Domingo 24 de mayo de 2026.<\/p>\n<\/li>\n<li>\n<p data-path-to-node=\"34,1,0\"><b data-path-to-node=\"34,1,0\" data-index-in-node=\"0\">Hora:<\/b> 11:00 a.m.<\/p>\n<\/li>\n<li>\n<p data-path-to-node=\"34,2,0\"><b data-path-to-node=\"34,2,0\" data-index-in-node=\"0\">Locaci\u00f3n:<\/b> Cristal Park Hotel<\/p>\n<\/li>\n<\/ul>\n<p data-path-to-node=\"35\"><b data-path-to-node=\"35\" data-index-in-node=\"0\">Asegura tu lugar reservando tus pases al hacer click en el bot\u00f3n <\/b><\/p>\n<p>&nbsp;<\/p>\n<p data-path-to-node=\"35\">\n<p data-path-to-node=\"35\">\n<p data-path-to-node=\"35\">\n<p>[\/et_pb_text][et_pb_button button_url=\u00bbhttps:\/\/forms.gle\/DFHybr36u1mdCptV7&#8243; button_text=\u00bbConfirmar asistencia\u00bb _builder_version=\u00bb4.27.6&#8243; _module_preset=\u00bbdefault\u00bb locked=\u00bboff\u00bb global_colors_info=\u00bb{}\u00bb][\/et_pb_button][\/et_pb_column][\/et_pb_row][\/et_pb_section]<\/p>\n","protected":false},"excerpt":{"rendered":"<p>Agenda de Eventos\u00a0 Recitales \/ Conciertos \/ MasterClass y Talleres\u00a0Agenda Temporada 2025-20268vo Recital de M\u00fasica de C\u00e1mara Ven a ser parte de esta ma\u00f1ana ideal para nutrir el alma con el talento excepcional que define a nuestra instituci\u00f3n. Interpretaci\u00f3n de grandes obras, a cargo de promesas de la m\u00fasica en formaci\u00f3n.\u00a0 &nbsp; &nbsp; Fecha: Domingo [&hellip;]<\/p>\n","protected":false},"author":2,"featured_media":0,"parent":0,"menu_order":0,"comment_status":"closed","ping_status":"closed","template":"","meta":{"_et_pb_use_builder":"on","_et_pb_old_content":"","_et_gb_content_width":"","footnotes":""},"class_list":["post-121","page","type-page","status-publish","hentry"],"_links":{"self":[{"href":"https:\/\/www.consermuca.edu.ve\/conservatorio-de-musica-de-carabobo\/wp-json\/wp\/v2\/pages\/121","targetHints":{"allow":["GET"]}}],"collection":[{"href":"https:\/\/www.consermuca.edu.ve\/conservatorio-de-musica-de-carabobo\/wp-json\/wp\/v2\/pages"}],"about":[{"href":"https:\/\/www.consermuca.edu.ve\/conservatorio-de-musica-de-carabobo\/wp-json\/wp\/v2\/types\/page"}],"author":[{"embeddable":true,"href":"https:\/\/www.consermuca.edu.ve\/conservatorio-de-musica-de-carabobo\/wp-json\/wp\/v2\/users\/2"}],"replies":[{"embeddable":true,"href":"https:\/\/www.consermuca.edu.ve\/conservatorio-de-musica-de-carabobo\/wp-json\/wp\/v2\/comments?post=121"}],"version-history":[{"count":167,"href":"https:\/\/www.consermuca.edu.ve\/conservatorio-de-musica-de-carabobo\/wp-json\/wp\/v2\/pages\/121\/revisions"}],"predecessor-version":[{"id":1910,"href":"https:\/\/www.consermuca.edu.ve\/conservatorio-de-musica-de-carabobo\/wp-json\/wp\/v2\/pages\/121\/revisions\/1910"}],"wp:attachment":[{"href":"https:\/\/www.consermuca.edu.ve\/conservatorio-de-musica-de-carabobo\/wp-json\/wp\/v2\/media?parent=121"}],"curies":[{"name":"wp","href":"https:\/\/api.w.org\/{rel}","templated":true}]}}

<p>[et_pb_section fb_built=»1&#8243; admin_label=»Hero Section» _builder_version=»4.24.2&#8243; background_color=»#eb880e» background_color_gradient_direction=»105deg» background_color_gradient_start=»#1bb3eb» background_color_gradient_end=»#25efcb» background_enable_image=»off» custom_padding=»60px|0px|60px|0px» top_divider_color=»#FFFFFF» box_shadow_style=»preset1&#8243; global_colors_info=»{}»][et_pb_row _builder_version=»4.16&#8243; background_size=»initial» background_position=»top_left» background_repeat=»repeat» global_colors_info=»{}»][et_pb_column type=»4_4&#8243; _builder_version=»4.16&#8243; custom_padding=»|||» global_colors_info=»{}» custom_padding__hover=»|||»][et_pb_text _builder_version=»4.16&#8243; text_font=»Poppins||||||||» text_text_color=»rgba(255,255,255,0.8)» text_font_size=»18px» text_line_height=»1.8em» header_font=»Poppins|600|||||||» header_text_color=»#ffffff» header_font_size=»48px» header_line_height=»1.4em» header_3_font=»Poppins|600|||||||» header_3_font_size=»36px» header_3_line_height=»1.4em» background_layout=»dark» max_width=»600px» module_alignment=»left» custom_margin=»|||» locked=»off» global_colors_info=»{}»]</p>
<h1>Agenda de Eventos </h1>
<p>Recitales / Conciertos / MasterClass y Talleres </p>
<p>[/et_pb_text][/et_pb_column][/et_pb_row][/et_pb_section][et_pb_section fb_built=»1&#8243; admin_label=»Classes Section» _builder_version=»4.24.2&#8243; background_color=»#faf8f4&#8243; custom_padding=»5px|0px|110px|0px||» global_colors_info=»{}»][et_pb_row admin_label=»Row» _builder_version=»4.16&#8243; global_colors_info=»{}»][et_pb_column type=»4_4&#8243; _builder_version=»4.16&#8243; custom_padding=»|||» global_colors_info=»{}» custom_padding__hover=»|||»][et_pb_text _builder_version=»4.16&#8243; text_font=»||||||||» header_font=»||||||||» header_2_font=»Poppins|500||on|||||» header_2_text_color=»rgba(0,0,0,0.2)» header_2_font_size=»16px» header_2_letter_spacing=»1px» header_2_line_height=»1.3em» text_orientation=»center» custom_margin=»||20px|» saved_tabs=»all» locked=»off» global_colors_info=»{}»]</p>
<h2>Agenda</h2>
<h2></h2>
<p>[/et_pb_text][et_pb_text _builder_version=»4.21.0&#8243; text_font=»||||||||» header_font=»||||||||» header_text_align=»center» header_3_font=»Poppins|600|||||||» header_3_text_color=»#44d89e» header_3_font_size=»36px» header_3_line_height=»1.4em» text_orientation=»center» global_colors_info=»{}»]</p>
<h3><span style="color: #000000;">Temporada 2025-2026</span></h3>
<p>[/et_pb_text][/et_pb_column][/et_pb_row][et_pb_row column_structure=»1_3,1_3,1_3&#8243; admin_label=»Class» _builder_version=»4.24.2&#8243; background_color=»#FFFFFF» custom_margin=»||60px|» custom_padding=»|40px||40px» animation_style=»fade» border_radii=»on|6px|6px|6px|6px» box_shadow_style=»preset1&#8243; box_shadow_vertical=»10px» box_shadow_blur=»24px» box_shadow_spread=»6px» box_shadow_color=»rgba(0,0,0,0.06)» global_colors_info=»{}»][et_pb_column type=»1_3&#8243; _builder_version=»4.16&#8243; background_color=»#FFFFFF» custom_padding=»|||» global_colors_info=»{}» custom_padding__hover=»|||»][et_pb_image src=»https://www.consermuca.edu.ve/conservatorio-de-musica-de-carabobo/wp-content/uploads/2026/04/8vo-recital-post.jpg» title_text=»8vo recital post» _builder_version=»4.27.6&#8243; _module_preset=»default» hover_enabled=»0&#8243; global_colors_info=»{}» sticky_enabled=»0&#8243;][/et_pb_image][/et_pb_column][et_pb_column type=»1_3&#8243; _builder_version=»4.16&#8243; custom_padding=»|||» global_colors_info=»{}» custom_padding__hover=»|||»][et_pb_text _builder_version=»4.27.6&#8243; text_font=»Open Sans||||||||» text_text_color=»#486066&#8243; text_font_size=»15px» text_line_height=»1.8em» header_font=»||||||||» header_3_font=»Poppins|600|||||||» header_3_text_color=»#486066&#8243; header_3_font_size=»18px» header_3_line_height=»1.4em» custom_padding=»0px||0px|||» locked=»off» global_colors_info=»{}»]</p>
<h2 data-path-to-node="2"><b data-path-to-node="2" data-index-in-node="0"><br />8vo Recital de Música de Cámara</b></h2>
<p data-path-to-node="3"><b data-path-to-node="3" data-index-in-node="3" style="font-size: 15px;">Ven a ser parte de esta mañana ideal para nutrir el alma con el talento excepcional que define a nuestra institución. Interpretación de grandes obras, a cargo de promesas de la música en formación. </b></p>
<p>&nbsp;</p>
<p>&nbsp;</p>
<p>[/et_pb_text][/et_pb_column][et_pb_column type=»1_3&#8243; _builder_version=»4.16&#8243; custom_padding=»|||» global_colors_info=»{}» custom_padding__hover=»|||»][et_pb_text _builder_version=»4.27.6&#8243; text_font=»Poppins|500|||||||» text_text_color=»#486066&#8243; text_font_size=»15px» text_line_height=»1.8em» link_font=»||||||||» link_text_color=»#1bb3eb» header_font=»||||||||» header_3_font=»Poppins|600|||||||» header_3_text_color=»#486066&#8243; header_3_font_size=»18px» header_3_line_height=»1.4em» custom_margin=»||-25px|||» hover_enabled=»0&#8243; locked=»off» global_colors_info=»{}» sticky_enabled=»0&#8243;]</p>
<p><b data-path-to-node="34,0,0" data-index-in-node="0"></b></p>
<ul data-path-to-node="34">
<li>
<p data-path-to-node="34,0,0"><b data-path-to-node="34,0,0" data-index-in-node="0">Fecha:</b> Domingo 24 de mayo de 2026.</p>
</li>
<li>
<p data-path-to-node="34,1,0"><b data-path-to-node="34,1,0" data-index-in-node="0">Hora:</b> 11:00 a.m.</p>
</li>
<li>
<p data-path-to-node="34,2,0"><b data-path-to-node="34,2,0" data-index-in-node="0">Locación:</b> Cristal Park Hotel</p>
</li>
</ul>
<p data-path-to-node="35"><b data-path-to-node="35" data-index-in-node="0">Asegura tu lugar reservando tus pases al hacer click en el botón </b></p>
<p>&nbsp;</p>
<p data-path-to-node="35">
<p data-path-to-node="35">
<p data-path-to-node="35">
<p>[/et_pb_text][et_pb_button button_url=»https://forms.gle/DFHybr36u1mdCptV7&#8243; button_text=»Confirmar asistencia» _builder_version=»4.27.6&#8243; _module_preset=»default» locked=»off» global_colors_info=»{}»][/et_pb_button][/et_pb_column][/et_pb_row][/et_pb_section]</p>

<p>Agenda de Eventos  Recitales / Conciertos / MasterClass y Talleres Agenda Temporada 2025-20268vo Recital de Música de Cámara Ven a ser parte de esta mañana ideal para nutrir el alma con el talento excepcional que define a nuestra institución. Interpretación de grandes obras, a cargo de promesas de la música en formación.  &nbsp; &nbsp; Fecha: Domingo [&hellip;]</p>
